2*l - 4*i - 131. Let c = -269 + l. What is the highest common divisor of 49 and c?
7
Let k(m) = -2*m**2 + 25*m - 47. Let b be k(10). Suppose 4*r + 352 = -b*l + 7*l, 0 = -2*l - 5*r + 176. Calculate the greatest common divisor of 8 and l.
8
Suppose -8*p - 3*x + 402 = -7*p, 874 = 2*p - 4*x. What is the highest common divisor of 188 and p?
47
Let y(i) = -5*i**2 - 5*i - 16. Let q be y(-10). Let x = -394 - q. Calculate the highest common divisor of x and 60.
12
Let p = 32 - 32. Let h(l) = -6*l + 188. Let u be h(p). Suppose -63*d = -67*d + u. Calculate the highest common factor of d and 188.
47
Suppose 4*h = 15 + 5. Suppose h*c - c + 32 = 0. Let q = 36 + c. Calculate the greatest common divisor of 224 and q.
28
Let y be -1*1914/(-42) - (-3)/7. Calculate the highest common factor of 4738 and y.
46
Let t be 12/126 + (-1442)/(-294). Calculate the highest common factor of 2870 and t.
5
Let b be 5 - (0 + 0) - (-614 + 9). Suppose 4*u = 6*u - b. What is the highest common divisor of u and 122?
61
Let k(c) = -c**3 + 2*c**2 + 2*c - 3. Let r be (6 + -5)*(-2 - 1). Let t be k(r). What is the greatest common divisor of t and 192?
12
Let g(d) = d. Let a be g(6). Let m be a/63*-3 - (-380)/7. What is the greatest common divisor of m and 36?
18
Let a be (-60)/(-30) + -6 + 1. Let m(l) = 4*l**2 + 10*l + 6. Let s be m(a). Calculate the greatest common divisor of 48 and s.
12
Suppose 0 = -4*s - 4, -2*f + s = -0*f - 81. Let z = 50 - f. Let g(c) = c + 6. Let h be g(z). What is the greatest common divisor of 8 and h?
8
Suppose 0 = -2*u + 13*u - 22. Suppose -m - 1 = -u*m. Suppose -b = a - 2, b - a - 3 = -3*b. What is the highest common factor of b and m?
1
Suppose -9*z - 100 = -2*q - 12*z, -3*z - 6 = 0. Let i be 3*16 - (q - 50). What is the greatest common divisor of 20 and i?
5
Suppose 0 = 3*r + 6*r - 2*r. Suppose r = -29*t + 1461 + 1091. Calculate the greatest common factor of t and 11.
11
Let m(o) be the first derivative of o**4/2 + 5*o**3/3 - 2*o**2 + 8*o - 10. Let c = 29 - 25. Let v be m(c). Calculate the greatest common factor of v and 25.
25
Let d = 3121 - 3023. What is the greatest common factor of d and 6125?
49
Let y = 120 - 118. Suppose 2*q + q - 38 = -b, 2*b - 84 = -y*q. Let w = b - 27. Calculate the greatest common factor of 85 and w.
17
Let p(z) = 7*z + 27. Let t be p(6). Suppose 5*l - w - 109 = 0, -5*w - 104 = -15*l + 11*l. Calculate the highest common factor of t and l.
3
Suppose 613 = 2*p - 3*o, -o - 289 = -p + 15. What is the greatest common factor of p and 247?
13
Let q = 24610 + -19754. Calculate the highest common factor of q and 40.
8
Let j be 326 - (-2 + (-4)/(0 - -4)). Let a = j + -308. Suppose -4*f + 0 = 4, -l = 3*f - 165. What is the greatest common factor of a and l?
21
Let l be (-4 - -2) + 10*1. Let b(k) = 2*k**3 - 45*k**2 - 64*k - 40. Let d be b(24). What is the highest common divisor of d and l?
8
Let w(m) = m**2 + 4*m. Suppose 24 = 7*d - 11*d. Let r be w(d). Suppose r*i + 3 = 159. What is the highest common factor of 26 and i?
13
Let w(p) = 10*p**2 - 5*p + 3. Let x be w(3). Suppose -33 = -81*n + x*n. What is the highest common factor of n and 66?
11
Let j(x) = -x**3 + 7*x**2 - 4*x - 10. Let h = -24 - -30. Let r be j(h). Let c be (-5 + r)/(1/(-2)). What is the greatest common divisor of 6 and c?
6
Let r = 32 + -27. Let v be r - (-5 - -4)*-30. Let j be -5 + -4 + 8 - v. What is the greatest common divisor of 6 and j?
6
Let o = -26 - -29. Suppose -5*w = -o*w + 3*i - 280, 10 = 5*i. Suppose -w*h - 168 = -139*h. Calculate the greatest common divisor of h and 63.
21
Suppose 8 = z + 3*z. Suppose -i = z*i - 18. Let c(q) = 3*q**2 - 7*q - 34. Let p be c(-4). What is the highest common divisor of p and i?
6
Let r(m) = -3*m**3 + 161*m**2 + 66*m + 31. Let d be r(54). Suppose -5*t = -20, 4*f - 24 = -2*t + 12. What is the greatest common factor of f and d?
7
Suppose 2*f + 83 = -g - 7, -248 = 3*g - 5*f. Let n = g - -138. Calculate the greatest common divisor of 260 and n.
52
Suppose 0 = 115*k + 99*k - 4886073 + 768499. Calculate the greatest common factor of 71 and k.
71
Suppose 6*m - m = -u - 91, 0 = 5*m + 5. Let z = 538 - u. What is the greatest common divisor of z and 48?
48
Let q = -166 - -168. Suppose 3*i - 560 = q*k, k - 443 = -4*i + 322. Calculate the greatest common factor of 38 and i.
38
Let b be (2322/15)/(24/10 + -2). Let l = 513 - b. What is the greatest common divisor of 14 and l?
14
Let p(k) = 5*k**2 + 13*k + 4*k - 12*k + 15*k + 28. Let q be p(-9). Calculate the greatest common factor of 46 and q.
23
Let g = 1140 - 1122. What is the highest common factor of 1860 and g?
6
Suppose 0 = -4*i, -i + 6*i - 225 = -5*s. Suppose 4*k = 4*a + 52, 4*a = 2*a - 8. Suppose -4*b = -k - 11. What is the highest common factor of s and b?
5
Let d(z) = 1227 + 24*z + 1034 - 3623 + 1181. Let r be d(8). Suppose -3*g + 5*w + 1 = -17, -4*g - 3*w + 53 = 0. What is the highest common divisor of r and g?
11
Let f(g) = -38*g + 1055. Let q be f(20). Calculate the greatest common divisor of 30 and q.
5
Suppose 3*s = -6*a - 1251, -8*a - 834 = 2*s - 6*a. Let n = s - -488. What is the highest common factor of 1 and n?
1
Suppose -35 - 17 = -4*i. Suppose 3*t = -9, -4*t + 21 = 3*b - 7*t. Suppose -3*q = -35 - b. What is the highest common divisor of i and q?
13
Let y(f) = -f**3 - f**2 + 2*f - 4. Let n be y(-3). Let h(d) = 31*d - 8. Let j be h(2). Suppose -j = -n*z - 6. What is the highest common divisor of 12 and z?
6
Suppose 3*k = -4*m + 4711 - 371, k + 3268 = 3*m. What is the highest common factor of m and 160?
32
Let q = -207 + 746. Suppose -2*d + q + 149 = 0. What is the highest common factor of d and 8?
8
Let x be 696/48 + (-3)/2. Calculate the highest common divisor of 2977 and x.
13
Let n be (-9)/2*9/(-108)*8. Let k(v) = 2*v**2 - 4*v + 20. Let a be k(n). What is the greatest common factor of 403 and a?
13
Let b(d) = 13*d - 6 - 55*d - 1. Let v be b(-6). Let p be (-117)/26*(-1190)/153. What is the greatest common divisor of v and p?
35
Let m(o) = -o**2 - o - 2. Let x(q) = 7*q**2 - 10*q + 26. Let v(k) = 4*m(k) + x(k). Let u be v(14). Calculate the highest common factor of u and 10.
10
Let u be (-11448)/(-56) - -7 - (-6)/(-14). Let b = u + -183. What is the highest common divisor of b and 42?
14
Let o(y) = 4*y + 15*y + 13 + y**2 - 47. Let c be o(-21). Let m be 23/4 + 6 + 2/c. Calculate the greatest common factor of 18 and m.
6
Suppose 0 = y + 5*c - 12005, -3*c + 48146 = 4*y - 4*c. What is the highest common divisor of 145 and y?
145
Let x = 3104 - 2997. Suppose 106 = 4*l - 3*l. Let d = x - l. Calculate the greatest common factor of 1 and d.
1
Let o = 31586 + -31556. What is the highest common factor of o and 4962?
6
Suppose 267 = 20*v - 173. Let b be 17/((-204)/(-1380)) + 6. Calculate the greatest common divisor of b and v.
11
Let m be ((-42)/(-10) - 3)*10. Suppose 0 = -f - 3*l + 25, 0 = 4*f - 7*f + 2*l + 108. Suppose -f = 8*h - 226. What is the greatest common divisor of h and m?
12
Let a = 74 - 69. Suppose a*x = -3*x + 3*x. Let u be 11 + (0 - 2) - (x - 4). Calculate the greatest common divisor of 117 and u.
13
Suppose c = -t + 7, 3*t + 5*c - 11 = 10. Let j be (12/t)/(5/((-3395)/2)). Let b be 12/(-32) + j/(-16). Calculate the greatest common factor of b and 126.
18
Let m be (-327)/(-4) + (-3)/4. Suppose -2*j - 6 = 0, 6*o - m = 5*o - 5*j. Calculate the greatest common divisor of 32 and o.
32
Let z = -263 - -263. Suppose -75*x + 80*x - 340 = z. What is the greatest common divisor of 4 and x?
4
Let d = -8470 + 9082. What is the highest common divisor of d and 228?
12
Let x be (-18)/(-4)*(25 + 1775/(-75)). Calculate the greatest common factor of x and 723.
3
Suppose -11*c - 12 = -12*c. Let l be 166/18 + (1 - 11/9). Suppose 2*i - l = -i. What is the greatest common factor of c and i?
3
Suppose 4*s = 4*d - 26 - 134, 4*s - 128 = -4*d. Suppose 48*i + d = 52*i. Let z = -35 + 71. Calculate the highest common divisor of i and z.
9
Suppose 3*y + 4*t = 5, 0 = -5*y + 12*t - 9*t + 18. Suppose -3*v + 290 = 5*q, -4*q + 5*q = y*v + 40. Calculate the highest common divisor of 20 and q.
5
Let a(v) = 3*v**2 - 11*v - 33. Suppose 0 = -101*f + 107*f - 96. Let l be a(f). What is the greatest common factor of 43 and l?
43
Suppose -42 = -7*w + 28. Suppose 4*m - 72 = 10*m. Let a be 16/6*(-90)/m. What is th